{"id":13,"date":"2022-07-14T08:33:57","date_gmt":"2022-07-14T06:33:57","guid":{"rendered":"https:\/\/comprensivofrosinone3.edu.it\/scuola\/index.php\/la-scuola\/la-storia\/"},"modified":"2024-03-12T16:44:08","modified_gmt":"2024-03-12T15:44:08","slug":"la-storia","status":"publish","type":"page","link":"https:\/\/comprensivofrosinone3.edu.it\/scuola\/la-scuola\/la-storia\/","title":{"rendered":"La Storia"},"content":{"rendered":"<p>La nostra storia<\/p>\n<p>L&#8217;Istituto \u00e8 ubicato nella parte alta della citt\u00e0. I plessi si trovano nel centro storico, luogo di tradizioni<br \/>\ne identit\u00e0 culturale custodite attraverso le generazioni. Questo fattore determina l&#8217;esistenza di un<br \/>\nbacino di utenza storico, portatore di una memoria collettiva che \u00e8 elemento prezioso della nostra<br \/>\nscuola, inserita in una realt\u00e0 testimonianza delle radici, di rielaborazione e di produzione di cultura,<br \/>\nnonch\u00e9 contesto di partecipazione democratica. L&#8217;Istituto si arricchisce di alunni provenienti dal<br \/>\nterritorio circostante e di allievi con background migratorio (dato percentuale superiore ai<br \/>\nbenchmark di riferimento). La Scuola utilizza un protocollo di accoglienza alunni stranieri. In questo<br \/>\nterritorio, in cui convivono senso di appartenenza e attaccamento alla propria identit\u00e0, accanto a<br \/>\nnuovi insediamenti di diversa provenienza, la scuola svolge un significativo ruolo culturale e sociale.<br \/>\nSi registra una sempre maggiore presenza di alunni con BES (un&#8217;alta percentuale della popolazione<br \/>\nscolastica) che si iscrivono grazie alla didattica inclusiva adottata. Questo rappresenta un punto di<br \/>\nforza dell&#8217;Istituto che spinge verso metodologie personalizzate in base all&#8217;analisi dei bisogni. Il contesto socio-economico \u00e8 estremamente vario ed eterogeneo, passando da fasce disagiate a<br \/>\nfamiglie di professionisti con risorse economiche e culturali elevate. Nonostante la forte variabilit\u00e0<br \/>\ndell&#8217;ESCS, i risultati di apprendimento testimoniano il successo formativo degli alunni.<\/p>\n","protected":false},"excerpt":{"rendered":"<p>La nostra storia L&#8217;Istituto \u00e8 ubicato nella parte alta della citt\u00e0. I plessi si trovano nel centro storico, luogo di tradizioni e identit\u00e0 culturale custodite attraverso le generazioni. Questo fattore determina l&#8217;esistenza di un bacino di [&hellip;]<\/p>\n","protected":false},"author":1,"featured_media":0,"parent":5,"menu_order":0,"comment_status":"closed","ping_status":"closed","template":"page-templates\/storia.php","meta":{"footnotes":""},"tags":[],"class_list":["post-13","page","type-page","status-publish","hentry"],"_links":{"self":[{"href":"https:\/\/comprensivofrosinone3.edu.it\/scuola\/wp-json\/wp\/v2\/pages\/13","targetHints":{"allow":["GET"]}}],"collection":[{"href":"https:\/\/comprensivofrosinone3.edu.it\/scuola\/wp-json\/wp\/v2\/pages"}],"about":[{"href":"https:\/\/comprensivofrosinone3.edu.it\/scuola\/wp-json\/wp\/v2\/types\/page"}],"author":[{"embeddable":true,"href":"https:\/\/comprensivofrosinone3.edu.it\/scuola\/wp-json\/wp\/v2\/users\/1"}],"replies":[{"embeddable":true,"href":"https:\/\/comprensivofrosinone3.edu.it\/scuola\/wp-json\/wp\/v2\/comments?post=13"}],"version-history":[{"count":3,"href":"https:\/\/comprensivofrosinone3.edu.it\/scuola\/wp-json\/wp\/v2\/pages\/13\/revisions"}],"predecessor-version":[{"id":936,"href":"https:\/\/comprensivofrosinone3.edu.it\/scuola\/wp-json\/wp\/v2\/pages\/13\/revisions\/936"}],"up":[{"embeddable":true,"href":"https:\/\/comprensivofrosinone3.edu.it\/scuola\/wp-json\/wp\/v2\/pages\/5"}],"wp:attachment":[{"href":"https:\/\/comprensivofrosinone3.edu.it\/scuola\/wp-json\/wp\/v2\/media?parent=13"}],"wp:term":[{"taxonomy":"post_tag","embeddable":true,"href":"https:\/\/comprensivofrosinone3.edu.it\/scuola\/wp-json\/wp\/v2\/tags?post=13"}],"curies":[{"name":"wp","href":"https:\/\/api.w.org\/{rel}","templated":true}]}}